e prime factors of z.
2, 3, 37
Let o = 22 + 704. Suppose -4*n - 3*y + o = n, -n + 2*y = -140. What are the prime factors of n?
2, 3
Let z(g) = 9*g**3 - 16*g**2 + 9*g + 13. What are the prime factors of z(6)?
5, 7, 41
List the prime factors of ((-14)/4)/((-35)/4760).
2, 7, 17
Let t be (-1 + 36)*(-8)/10. Let r = 23 + t. What are the prime factors of ((-2)/r)/(2/310)?
2, 31
Suppose -20*j + 7480 = -3*j. What are the prime factors of j?
2, 5, 11
Suppose -3*f - 9*f = 3048. Let g = 527 + f. List the prime factors of g.
3, 7, 13
Let i = -14 + 17. List the prime factors of 19*(0 - (2 - i)).
19
Suppose 1836 = 22*n - 9098. What are the prime factors of n?
7, 71
Let q = 11 - 9. Let y be 38*(-1)/(q - 4). Suppose -f - 1 + y = 3*o, 5*o = f - 18. List the prime factors of f.
2, 3
Let o(f) = 13 + 5*f + 0*f**2 - 4 - f**2 + 6*f. Let k be o(8). What are the prime factors of 1/(((-6)/k)/(-2))?
11
List the prime factors of 262 - ((-3)/((-6)/4) - 5).
5, 53
Suppose 0*h - 38 = -2*h. Let k = -28 + h. List the prime factors of ((-24)/(-20))/(k/(-15)).
2
Suppose -16*r - r + 13532 = 0. List the prime factors of r.
2, 199
Let l = 7 + -4. Let j = 131 + 39. Suppose 5*k - l*n = j, -k = 3*n - n - 21. List the prime factors of k.
31
Let v = 1033 + -1019. List the prime factors of v.
2, 7
Let b = 5331 + -3277. What are the prime factors of b?
2, 13, 79
List the prime factors of (21/28 - 13508/(-16)) + -2.
3, 281
Let k(w) = 2*w**3 - 8*w**2 - 9*w + 10. List the prime factors of k(10).
2, 5, 7
Suppose 0 = -4*r + 2165 - 209. What are the prime factors of r?
3, 163
Suppose -77*p + 909 = -74*p. Suppose -p = -4*r + 173. What are the prime factors of r?
7, 17
Let m(h) = -h**2 + h - 1. Let n(l) = 27*l**3 - 3*l**2 + 4*l - 5. Let k(g) = 4*m(g) - n(g). Suppose -4*f - 3 - 1 = 0. List the prime factors of k(f).
3
List the prime factors of (7 + 2722 - -6) + 0/(-2).
5, 547
Suppose 14 = 5*f - 2*c, 2*c + 2*c + 4 = 4*f. Suppose -f = 5*m - y, 0 = -4*m + 2*y + 2*y - 16. Suppose m = -3*r - 5 + 89. What are the prime factors of r?
2, 7
Let l(p) = -4*p - 4. Let b be l(-3). Let s be b/24 + 22/6. List the prime factors of ((-68)/(-2) + s)/1.
2, 19
Suppose -79 + 43 = -4*n. Let k(q) = q**3 - 8*q**2 - 7*q + 10. What are the prime factors of k(n)?
2, 7
Suppose 0 = 37*i - 26*i - 4037. What are the prime factors of i?
367
Suppose -i - 657 = -5*o - 2010, 4*i - 5337 = -5*o. List the prime factors of i.
2, 3, 223
Let b be ((-24)/(-18))/(7/((-63)/(-4))). List the prime factors of (-2 + 19/b)/((-8)/(-72)).
3, 13
Suppose 4*v + 10399 + 521 = 5*r, v + 4365 = 2*r. List the prime factors of r.
2, 5, 109
Let q(r) be the second derivative of 5/6*r**3 - 7/2*r**2 + 1/12*r**4 + 6*r + 0. What are the prime factors of q(-8)?
17
Let p be (-30)/(-2) + (-7 - -7). Let u = p - 5. What are the prime factors of u/30 - 94/(-6)?
2
Suppose k - 300 = -0*k. List the prime factors of k.
2, 3, 5
Suppose 3*l - 35 - 20 = -4*z, l = -3*z + 15. Let p = 36 - l. Let s = 27 - p. What are the prime factors of s?
2, 3
Let p(q) be the third derivative of q**6/120 - 4*q**5/15 + q**4/24 + 23*q**3/6 + 12*q**2. What are the prime factors of p(16)?
3, 13
Suppose 8*z - 6*z - 2*k - 14 = 0, -5*z - 3*k = -11. Suppose -2 = -z*b + 10. Suppose 0 = 3*l + b*y - 90, 3*l - 2*y - 157 = -2*l. List the prime factors of l.
31
Let o(c) = 6*c**3 + 3*c + 2. Let q = -19 + 17. Let v be o(q). Let k = v + 89. List the prime factors of k.
37
Let x(a) = 18*a - 116. What are the prime factors of x(19)?
2, 113
Suppose -125*y = -140*y + 24840. List the prime factors of y.
2, 3, 23
Suppose -3*k + 100 = 4*p - 292, 5*p - 489 = -4*k. List the prime factors of p.
101
Let h(r) = 3*r**2 + 5*r - 5. What are the prime factors of h(-11)?
3, 101
Let q(f) be the third derivative of -f**4/24 - 4*f**3/3 + 4*f**2. Let a be q(-8). Suppose 27 = -a*i + 3*i + 3*p, -5*i = -2*p - 80. List the prime factors of i.
2, 7
Suppose -2*d - 27 = 2*c + 31, -2*c = 0. Let g = -15 - d. What are the prime factors of (g - (-3 + 5)) + 1?
13
Suppose 4*r - 4*s + 12 = 0, -2*r - 2*s = 2*s - 24. List the prime factors of (256/40)/((r + 0)/20).
2
Let h = 247 - 195. What are the prime factors of h?
2, 13
Let a = 41 - 108. Let z = -10 - a. What are the prime factors of z?
3, 19
Let h = -51 - -56. Suppose 5*y = -4*j + 152, -4*j + 2*y - 41 = -h*j. What are the prime factors of j?
3, 11
Suppose 20*k - 21*k = -63. Suppose -o - 14 = -k. List the prime factors of o.
7
Let q(s) = -s**3 - s**2 + 20. Let n be q(0). Let o = n - 11. Suppose 12*y = o*y + 24. List the prime factors of y.
2
Suppose c - 3*c = -x - 388, 0 = 4*x - 16. Suppose 3 = -4*d + 11, s = -4*d - c. List the prime factors of 2/(-5) + s/(-10).
2, 5
Let o(f) be the third derivative of f**6/120 + 2*f**5/15 + f**4/24 + 3*f**2. Let s be o(-4). Suppose s = 7*m - 2*m. List the prime factors of m.
2, 3
Let p(z) = 199*z + 5. List the prime factors of p(4).
3, 89
Let l = -7 - -120. Let y = l - 60. What are the prime factors of y?
53
Suppose -19*h - 3*v + 4551 = -16*h, 0 = 3*h - 3*v - 4521. List the prime factors of h.
2, 3, 7
Let o be (-10)/15*3 + (-1 - -1). List the prime factors of (-5)/((-60)/1221) - o/8.
2, 3, 17
Suppose -4*b + t + 450 = 0, -4*b - t - 2*t = -442. Suppose -2*u = -b - 4. List the prime factors of u.
2, 29
Let x = -258 - -728. Suppose -4*y - y = -10, -5*b - 5*y = -x. List the prime factors of b.
2, 23
Let a(k) = -k + 7. Let v be a(6). Suppose j = -v, 4*j - 3 = 3*c - 10. Let r = 2 + c. What are the prime factors of r?
3
Let m = -184 - -104. Let w = m - -135. List the prime factors of w.
5, 11
Let g = 7 + 19. Let p = -22 + g. List the prime factors of p.
2
Let v(g) = g**3 + 11*g**2 + g + 9. Let k be v(-11). List the prime factors of -1286*3/(-21) - k/7.
2, 23
List the prime factors of (-35)/(-7) - -11 - 7.
3
Suppose 0 = 2*a + 3*a - 100. Suppose -8*q - a = -3*q. List the prime factors of (-46)/q + 8/16.
2, 3
Suppose r + 53 = 5*y, 0*y = r - y + 37. Let t = r + 37. Suppose 17 = 2*s - j, -3*s + 17 = -3*j - t. What are the prime factors of s?
2, 5
Suppose 3*t = 4*p - 13 + 48, 0 = 2*p + 10. Suppose 4*o = t + 11. Suppose h - o*h + 78 = 0. List the prime factors of h.
2, 13
Let x(r) = -r**2 - 10*r. Let t be x(-10). Suppose -2*v - v + 21 = t. Let l(p) = p**3 - 8*p**2 + 9*p + 6. List the prime factors of l(v).
2, 5
Suppose -2*x = -p + x - 1, -p - 5*x + 15 = 0. Suppose 2*l + 0*l - 3*g = 22, 3*l - p*g = 34. Suppose 32 = l*h - 176. What are the prime factors of h?
2, 13
Suppose 7*y + 16 = 9*y. Suppose 7 - y = -p. Let r(i) = 52*i**2. What are the prime factors of r(p)?
2, 13
Suppose 5*b + 0 = -4*n - 2, 0 = 2*b + 2*n + 2. Suppose -3*q = b*v - 3*v + 7, 15 = 4*v + q. What are the prime factors of 58 + (-4)/v + 4?
61
Let l be 57/(-2)*3/9*2. Let m = 35 - l. List the prime factors of m.
2, 3
Let b = 649 + -259. What are the prime factors of b?
2, 3, 5, 13
Let f = 83 - 82. What are the prime factors of ((-4000)/20)/((f - 2)*1)?
2, 5
Let s = -2279 - -3890. What are the prime factors of s?
3, 179
Suppose 0*m - 450 = -2*m. Suppose -2*s + 5*s + 122 = 2*r, m = -5*s - r. List the prime factors of (s/(-2))/(-2 + 4).
11
Suppose 4*i - 20 = -4. Suppose 4*p = -3*o + 5, i*o + 3*p = -2*p + 7. Suppose -o*l + l = -26. List the prime factors of l.
13
Suppose r = 3*n - 5576, 0 = -4*n + 7*n - 3*r - 5586. List the prime factors of n.
3, 619
Suppose 0 = 2*k - 24 - 52. Suppose 2*j + k = 10. List the prime factors of (j/(-6))/((-3)/(-54)).
2, 3, 7
Suppose 2 + 13 = 5*s, 276 = 5*u + 2*s. Let g = u + -38. List the prime factors of g.
2
Suppose -r - 3*t = 2*r + 6, -r + 3*t + 6 = 0. Suppose -7*d + 52 + 564 = r. What are the prime factors of d?
2, 11
Suppose 3*d = 9, h + 2*d - 2 = 2. Suppose -z = -3*z - 2*w - 164, 2*z + 184 = 2*w. List the prime factors of (0 - z/(-6))*h.
29
Suppose -1332 = -5*p - 2*f + 2479, -p + 2*f + 755 = 0. What are the prime factors of p?
761
Let k be 2 + -1 + (-15)/5. Let p = k + 17. Suppose m - p = -2*m. List the prime factors of m.
5
Let a be 1 - -1 - (-2 - (43 - 3)). Suppose 40*s - a*s = -144. What are the prime factors of s?
2, 3
Let q(c) = -2*c**2 - 13*c - 6. Let t be q(-6). List the prime factors of 80 + -1 + t + -7 + 7.
79
Suppose 6*w = 2*w + 5*h + 27, -4*w + 3*h = -21. Let j(z) = -1 - z + z - w*z. List the prime factors of j(-3).
2
Let d be -2 + (-75)/30*(-28)/10. Suppose 5*p =